the hundreds digit of 426093?
0
What is the tens digit of 4357740?
4
What is the ten thousands digit of 357690?
5
What is the hundreds digit of 6913671?
6
What is the thousands digit of 24217469?
7
What is the units digit of 334676?
6
What is the hundreds digit of 433609?
6
What is the thousands digit of 12614855?
4
What is the units digit of 10702855?
5
What is the units digit of 277860?
0
What is the thousands digit of 9737021?
7
What is the ten thousands digit of 10614514?
1
What is the thousands digit of 212412?
2
What is the tens digit of 1314846?
4
What is the hundred thousands digit of 1786199?
7
What is the ten thousands digit of 659738?
5
What is the hundred thousands digit of 120708?
1
What is the thousands digit of 51679?
1
What is the tens digit of 222087?
8
What is the thousands digit of 2662115?
2
What is the tens digit of 42210?
1
What is the units digit of 4759245?
5
What is the ten millions digit of 10776371?
1
What is the hundred thousands digit of 829696?
8
What is the hundred thousands digit of 3179697?
1
What is the hundred thousands digit of 24477900?
4
What is the hundreds digit of 63845?
8
What is the ten thousands digit of 290676?
9
What is the hundred thousands digit of 3707429?
7
What is the units digit of 294161?
1
What is the thousands digit of 1021089?
1
What is the ten thousands digit of 1981141?
8
What is the thousands digit of 11177092?
7
What is the ten thousands digit of 4080029?
8
What is the millions digit of 1615446?
1
What is the hundred thousands digit of 2931717?
9
What is the ten thousands digit of 2348013?
4
What is the tens digit of 4094599?
9
What is the tens digit of 717243?
4
What is the ten millions digit of 23943214?
2
What is the tens digit of 1009893?
9
What is the thousands digit of 4224004?
4
What is the thousands digit of 263967?
3
What is the thousands digit of 430106?
0
What is the tens digit of 830423?
2
What is the hundreds digit of 19284427?
4
What is the hundred thousands digit of 23821909?
8
What is the units digit of 380120?
0
What is the ten thousands digit of 3251135?
5
What is the millions digit of 1119932?
1
What is the thousands digit of 10877108?
7
What is the millions digit of 6557602?
6
What is the millions digit of 2093997?
2
What is the thousands digit of 243921?
3
What is the hundred thousands digit of 258742?
2
What is the units digit of 463514?
4
What is the units digit of 5573944?
4
What is the hundreds digit of 23358?
3
What is the units digit of 218325?
5
What is the ten thousands digit of 3154053?
5
What is the hundred thousands digit of 1727664?
7
What is the hundred thousands digit of 112444?
1
What is the units digit of 286356?
6
What is the millions digit of 6697874?
6
What is the thousands digit of 3753345?
3
What is the tens digit of 6269?
6
What is the units digit of 24947?
7
What is the hundred thousands digit of 580386?
5
What is the hundred thousands digit of 10005601?
0
What is the ten thousands digit of 390198?
9
What is the hundred thousands digit of 309318?
3
What is the ten thousands digit of 1542360?
4
What is the ten thousands digit of 45976?
4
What is the thousands digit of 13775692?
5
What is the hundreds digit of 44899?
8
What is the ten thousands digit of 3747712?
4
What is the thousands digit of 7033147?
3
What is the ten thousands digit of 24960?
2
What is the hundred thousands digit of 264676?
2
What is the tens digit of 2567458?
5
What is the units digit of 202952?
2
What is the hundreds digit of 1611684?
6
What is the hundred thousands digit of 7372859?
3
What is the tens digit of 21839705?
0
What is the thousands digit of 819281?
9
What is the units digit of 12808351?
1
What is the hundred thousands digit of 1500959?
5
What is the hundred thousands digit of 115183?
1
What is the ten thousands digit of 19916888?
1
What is the thousands digit of 3476586?
6
What is the units digit of 36351?
1
What is the tens digit of 1677284?
8
What is the hundreds digit of 217687?
6
What is the hundreds digit of 1645935?
9
What is the thousands digit of 8424592?
4
What is the units digit of 90231?
1
What is the tens digit of 4368990?
9
What is the thousands digit of 549487?
9
What is the hundred thousands digit of 3889627?
8
What is the millions digit of 1273176?
1
What is the ten thousands digit of 424502?
2
What is the hundreds digit of 10610367?
3
What is the thousands digit of 4180572?
0
What is the tens digit of 615590?
9
What is the thousands digit of 158461?
8
What is the thousands digit of 5962517?
2
What is the hundreds digit of 232924?
9
What is the hundreds digit of 7029733?
7
What is the units digit of 1161213?
3
What is the units digit of 7382865?
5
What is the ten thousands digit of 125661?
2
What is the thousands digit of 3361985?
1
What is the hundred thousands digit of 1925121?
9
What is the ten thousands digit of 4746642?
4
What is the thousands digit of 15526?
5
What is the tens digit of 8647040?
4
What is the units digit of 837932?
2
What is the units digit of 357042?
2
What is the tens digit of 4762415?
1
What is the hundred thousands digit of 610867?
6
What is the ten millions digit of 15286953?
1
What is the thousands digit of 11304978?
4
What is the hundred thousands digit of 14318804?
3
What is the ten thousands digit of 146106?
4
What is the ten thousands digit of 8536360?
3
What is the tens digit of 566356?
5
What is the ten thousands digit of 34680879?
8
What is the ten thousands digit of 4884903?
8
What is the tens digit of 114963?
6
What is the tens digit of 784418?
1
What is the tens digit of 195941?
4
What is the tens digit of 1992788?
8
What is the hundred thousands digit of 360257?
3
What is the thousands digit of 3166831?
6
What is the units digit of 2094155?
5
What is the units digit of 304440?
0
What is the units digit of 1999796?
6
What is the ten thousands digit of 5352390?
5
What is the thousands digit of 3718529?
8
What is the hundred thousands digit of 11118950?
1
What is the units digit of 281977?
7
What is the thousands digit of 1626977?
6
What is the tens digit of 1590440?
4
What is the hundreds digit of 174650?
6
What is the units digit of 2429862?
2
What is the tens digit of 1918147?
4
What is the thousands digit of 1269701?
9
What is the hundreds digit of 279827?
8
What is the ten thousands digit of 37760937?
6
What is the thousands digit of 3127477?
7
What is the tens digit of 3596490?
9
What is the tens digit of 869416?
1
What is the units digit of 55498?
8
What is the tens digit of 3041215?
1
What is the hundred thousands digit of 294317?
2
What is the tens digit of 764833?
3
What is the units digit of 19197811?
1
What is the units digit of 3248864?
4
What is the hundreds digit of 291004?
0
What is the tens digit of 1221695?
9
What is the thousands digit of 1557047?
7
What is the millions digit of 1786229?
1
What is the units digit of 8171768?
8
What is the tens digit of 1971346?
4
What is the ten thousands digit of 3931257?
3
What is the ten millions digit of 16708378?
1
What is the hundreds digit of 35362?
3
What is the ten thousands digit of 1202874?
0
What is the tens digit of 9256?
5
What is the ten thousands digit of 147953?
4
What is the ten thousands digit of 6530495?
3
What is the hundreds digit of 2748309?
3
What is the thousands digit of 660453?
0
What is the hundreds digit of 563587?
5
What is the units digit of 188433?
3
What is the hundreds digit of 1743080?
0
What is the hundred thousands digit of 345846?
3
What is the hundred thousands digit of 4541139?
5
What is the ten thousands digit of 69563?
6
What is the hundred thousands digit of 39873988?
8
What is the units digit of 4270014?
4
What is the units digit of 573417?
7
What is the hundred thousands digit of 6083374?
0
What is the hundreds digit of 212829?
8
What is the millions digit of 5035321?
5
What is the hundreds digit of 974427?
4
What is the hundreds digit of 418186?
1
What is the units digit of 64390?
0
What is the tens digit of 118224?
2
What is the thousands digit of 33061874?
1
What is the hundreds digit of 619678?
6
What is the tens digit of 344840?
4
What is the ten thousands digit of 40097?
4
What is the thousands digit of 11370?
1
What is the hundreds digit of 13584?
5
What is the hundreds digit of 103915?
9
What is th